e of 64?
False
Is 18010 a multiple of 233?
False
Is 652976 a multiple of 592?
True
Is 7 a factor of 6904490?
False
Is 657 a factor of 14201055?
True
Does 33 divide 139773?
False
Does 4 divide 1211836?
True
Is 1369053 a multiple of 7?
True
Does 848 divide 1004044?
False
Is 3038271 a multiple of 1059?
True
Is 155100 a multiple of 220?
True
Does 27 divide 6750?
True
Does 111 divide 9921731?
False
Does 32 divide 5113545?
False
Is 11 a factor of 811811?
True
Does 117 divide 23134?
False
Is 59 a factor of 213226?
True
Is 37 a factor of 1084359?
True
Does 6 divide 243378?
True
Does 86 divide 268320?
True
Is 4111538 a multiple of 364?
False
Does 2 divide 83290?
True
Does 138 divide 1451760?
True
Is 150 a factor of 1976967?
False
Does 117 divide 9554109?
False
Does 19 divide 69311?
False
Does 274 divide 319384?
False
Is 106 a factor of 1126462?
True
Is 906256 a multiple of 208?
True
Is 43439 a multiple of 69?
False
Is 1900892 a multiple of 9?
False
Is 146 a factor of 656557?
False
Does 88 divide 9379347?
False
Does 14 divide 499252?
False
Does 4 divide 59491?
False
Does 4 divide 5500092?
True
Does 183 divide 8993359?
False
Is 53 a factor of 21259?
False
Is 3016989 a multiple of 102?
False
Is 587322 a multiple of 134?
True
Does 645 divide 125481?
False
Does 195 divide 1457762?
False
Does 62 divide 889142?
True
Is 980 a factor of 188160?
True
Is 16 a factor of 206256?
True
Is 3907991 a multiple of 39?
False
Is 7812952 a multiple of 1049?
True
Is 1961594 a multiple of 262?
True
Is 148 a factor of 11682211?
False
Is 3350818 a multiple of 26?
False
Is 13 a factor of 107939?
True
Does 106 divide 771245?
False
Is 645 a factor of 2803953?
False
Is 32886 a multiple of 162?
True
Does 14 divide 1895082?
True
Is 91039 a multiple of 47?
True
Is 449366 a multiple of 16?
False
Is 523 a factor of 4424109?
False
Does 16 divide 15016097?
False
Is 101 a factor of 267269?
False
Is 433320 a multiple of 92?
True
Does 11 divide 2893?
True
Does 10 divide 2258710?
True
Does 18 divide 1100809?
False
Is 623 a factor of 388981?
False
Is 12690 a multiple of 2?
True
Does 2 divide 7715?
False
Does 106 divide 3331686?
True
Is 820410 a multiple of 290?
True
Is 33 a factor of 3106224?
True
Is 57 a factor of 54777?
True
Does 5 divide 382885?
True
Is 8286300 a multiple of 1620?
True
Is 870046 a multiple of 13?
False
Does 9 divide 471843?
True
Does 31 divide 5360861?
True
Is 126 a factor of 128520?
True
Does 9 divide 268443?
True
Is 226760 a multiple of 5?
True
Does 86 divide 60624?
False
Is 820985 a multiple of 55?
True
Is 1689698 a multiple of 5?
False
Is 11 a factor of 505188?
False
Is 85 a factor of 686991?
False
Is 14 a factor of 222530?
True
Is 45 a factor of 330165?
True
Is 1781480 a multiple of 20?
True
Is 137 a factor of 2404761?
True
Does 10 divide 5864?
False
Is 9 a factor of 3852470?
False
Is 757638 a multiple of 98?
True
Is 7 a factor of 136332?
True
Is 176731 a multiple of 446?
False
Is 322 a factor of 3824394?
True
Does 6 divide 533891?
False
Is 19 a factor of 1382171?
False
Is 492 a factor of 12430380?
True
Is 23 a factor of 1450005?
False
Is 1562202 a multiple of 177?
True
Is 14224 a multiple of 8?
True
Is 2 a factor of 974?
True
Is 163678 a multiple of 66?
False
Is 34 a factor of 4231402?
True
Is 35 a factor of 16917530?
True
Is 76113 a multiple of 257?
False
Is 1505410 a multiple of 418?
False
Is 17 a factor of 259685?
False
Does 150 divide 204450?
True
Is 19 a factor of 312442?
False
Is 656448 a multiple of 39?
True
Is 423 a factor of 187375?
False
Is 170 a factor of 168300?
True
Does 22 divide 132748?
True
Does 108 divide 1651641?
False
Is 1903320 a multiple of 20?
True
Does 36 divide 271808?
False
Is 207 a factor of 1797174?
True
Does 4 divide 531776?
True
Is 32 a factor of 95961?
False
Does 316 divide 2864603?
False
Is 195 a factor of 33345?
True
Is 23362 a multiple of 36?
False
Does 178 divide 48690?
False
Is 21735 a multiple of 45?
True
Is 960 a multiple of 96?
True
Is 14 a factor of 422954?
True
Does 73 divide 92649?
False
Does 1120 divide 40320?
True
Is 262553 a multiple of 53?
False
Does 92 divide 367403?
False
Does 97 divide 426412?
True
Is 13 a factor of 898859?
True
Does 17 divide 1785890?
False
Is 58 a factor of 154497?
False
Is 4 a factor of 54048?
True
Is 4 a factor of 8804?
True
Does 73 divide 151037?
True
Does 162 divide 195696?
True
Is 48 a factor of 1174320?
True
Does 50 divide 4167267?
False
Does 133 divide 7373336?
False
Is 23 a factor of 158122?
False
Does 551 divide 301397?
True
Does 6 divide 1074?
True
Does 239 divide 952642?
False
Is 49435 a multiple of 5?
True
Is 2314119 a multiple of 10?
False
Does 59 divide 2608685?
True
Is 348 a factor of 153268?
False
Is 13 a factor of 237822?
True
Is 681408 a multiple of 288?
True
Does 10 divide 46896?
False
Is 56 a factor of 1568?
True
Is 84911 a multiple of 265?
False
Is 55 a factor of 126130?
False
Does 150 divide 371100?
True
Is 72 a factor of 1595665?
False
Is 3864066 a multiple of 51?
True
Is 650 a factor of 5286450?
True
Is 1108945 a multiple of 115?
True
Does 62 divide 1074522?
True
Is 4 a factor of 3329662?
False
Is 478 a factor of 2595540?
True
Does 861 divide 9766846?
False
Is 3120960 a multiple of 143?
False
Is 85227 a multiple of 3?
True
Is 30 a factor of 15328?
False
Is 59 a factor of 20001?
True
Does 1262 divide 6423580?
True
Is 293309 a multiple of 12?
False
Is 139 a factor of 1064927?
False
Is 600780 a multiple of 186?
True
Is 1026514 a multiple of 6?
False
Does 28 divide 407064?
True
Does 14 divide 28560?
True
Is 214 a factor of 4039128?
False
Is 116466 a multiple of 47?
True
Is 6 a factor of 3157434?
True
Is 141 a factor of 1859649?
True
Is 245165 a multiple of 344?
False
Is 70 a factor of 686630?
True
Is 109360 even?
True
Is 6 a factor of 3829770?
True
Is 23212949 a multiple of 300?
False
Is 57 a factor of 826842?
True
Does 9 divide 165492?
True
Is 87580 a multiple of 145?
True
Is 82991 a multiple of 22?
False
Is 9 a factor of 4070?
False
Does 5 divide 2116905?
True
Is 2075541 a multiple of 19?
True
Does 358 divide 2233356?
False
Is 658 a factor of 296758?
True
Does 264 divide 1202520?
True
Is 10 a factor of 75150?
True
Does 29 divide 166451?
False
Is 255 a factor of 4298487?
False
Does 38 divide 41192?
True
Is 393864 a multiple of 23?
False
Is 16099688 a multiple of 836?
True
Is 3464559 a multiple of 621?
True
Does 116 divide 298121?
False
Is 62202 a multiple of 21?
True
Does 10 divide 53850?
True
Does 66 divide 251237?
False
Is 72332 a multiple of 11?
False
Does 18 divide 14884974?
True
Is 2769258 a multiple of 309?
True
Does 9 divide 110385?
True
Is 33 a factor of 66064?
False
Does 17 divide 655665?
False
Does 4 divide 56408?
True
Is 130325 a multiple of 9?
False
Does 3 divide 19528?
False
Is 79 a factor of 788503?
False
Is 5703404 a multiple of 28?
True
Is 18416 a multiple of 2?
True
Does 49 divide 1695377?
False
Is 148 a factor of 2155324?
True
Is 30 a factor of 22770?
True
Does 5 divide 43555?
True
Is 13 a factor of 2670730?
False
Is 13 a factor of 1305010?
False
Does 10 divide 3397366?
False
Is 31 a factor of 75679?
False
Is 5893477 a multiple of 11?
False
Is 3138620 a multiple of 132?
False
Is 7271270 a multiple of 12?
False
Is 2690076 a multiple of 12?
True
Is 138425 a multiple of 9?
False
Is 16 a factor of 6624224?
True
Does 10 divide 34332?
False
Is 331688 a multiple of 52?
False
Is 145808 a multiple of 13?
True
Does 796 divide 2879132?
True
Is 850431 a multiple of 6?
False
Is 180956 a multiple of 38?
True
Is 351886 a multiple of 474?
False
Is 13 a factor of 2969850?
True
Is 731730 a multiple of 30?
True
Is 131887 a multiple of 7?
True
Does 268 divide 788440?
False
Does 72 divide 7386060?
False
Does 2 divide 2948230?
True
Does 25 divide 7411500?
True
Is 431 a factor of 469045?
False
Is 168 a factor of 2375846?
False
Is 1596972 a multiple of 706?
True
Does 14 divide 188748?
True
Does 342 divide 122436?
True
Does 3 divide 1106131?
False
Is 16 a factor of 361020?
False
Is 195712 a multiple of 92?
False
Is 400 a factor of 178000?
True
Does 79 divide 9673410?
False
Is 36 a factor of 5235228?
True
Is 123222 a multiple of 33?
True
Is 27 a factor of 14045238?
True
Is 15 a factor of 328230?
True
Is 4 a factor of 45778?
False
Does 8 divide 75968?
True
Is 169600 a multiple of 16?
T